ded by 24.
23
Let w = -10 + 16. Suppose 0 = -4*o + 5*u + 89 + 153, 5*u = -4*o + 262. Suppose -i = w*i - o. Calculate the remainder when 25 is divided by i.
7
Let p(k) = 19*k - 35. What is the remainder when 218 is divided by p(3)?
20
Suppose 0 = -3*q - 2*g + 41 - 12, 1 = 3*q - 5*g. What is the remainder when 32 is divided by q?
4
Let v(r) be the second derivative of -r**4/12 + 13*r**3/6 + 17*r**2/2 - 12*r. What is the remainder when 116 is divided by v(13)?
14
Suppose -31*z = -23*z - 688. Let u = z + -22. What is the remainder when u is divided by 13?
12
Let g be ((-2)/(-3))/((-7)/(-273)). Suppose 0 = -5*i + g + 14. What is the remainder when 23 is divided by i?
7
Let d(m) = 2*m**3 - 14*m**2 + 7*m - 5. Let n be d(7). Suppose 0 = -5*h - 25, -4*u - h = -243 - n. Calculate the remainder when u is divided by 19.
16
Let m(a) = -a**2 - 2*a + 1. Let u be m(-1). Suppose -p - u = 4*w, 0 = -2*p - 3*w + 4*w + 14. What is the remainder when p is divided by 0 + (6/2)/1?
0
Suppose -i = 5*h - 85, 0*h - 4*i - 38 = -h. What is the remainder when 64 is divided by h?
10
Let t(u) be the first derivative of u**2/2 - 2*u + 5. Let x be t(5). Suppose -x*s = -16 - 14. What is the remainder when 28 is divided by s?
8
Let p = 12 - 12. Suppose p = -5*w + w + 12, x = w + 7. Let k(f) = 3*f**3 - 6*f**2 + 8*f + 3. What is the remainder when k(2) is divided by x?
9
Suppose 17 + 4 = -3*w. Calculate the remainder when 77 is divided by w/((-35)/90) + 2.
17
Let o = -24 - -27. Let t(n) = 11*n - 4. Calculate the remainder when t(o) is divided by 8.
5
Suppose -29 = -n - 5*y - 0*y, 0 = -3*n - y + 31. Suppose i = -i - 3*l, 0 = 3*i - 5*l. Let h(b) = -b**2 + 33. What is the remainder when h(i) is divided by n?
6
Let u(a) = -a**3 + 4*a**2 + 6*a - 6. Let p be u(5). Let z(c) = -49*c**3 - 3*c**2 - 2*c. What is the remainder when z(p) is divided by 17?
14
Let g = -570 + 959. Calculate the remainder when g is divided by 26.
25
Let w(a) = -a**2 + 17*a - 25. Suppose 53 = 4*t - 31. Calculate the remainder when t is divided by w(15).
1
Let w(o) be the second derivative of o**4/12 - o**3/3 + 4*o. Calculate the remainder when w(-5) is divided by 8.
3
Suppose 141 = -8*d + 381. What is the remainder when 207 is divided by d?
27
Let k be 2 + (2 + 4)/3. Let f(n) = -11*n + n**2 - n**3 + 15 + 6*n + k*n. What is the remainder when f(0) is divided by 8?
7
Let w = -1319 + 1843. Calculate the remainder when w is divided by 75.
74
Suppose 2*w = -5*u + 60, -5*w + 20 + 149 = 3*u. Calculate the remainder when 97 is divided by w.
27
What is the remainder when 91 is divided by 1*(44 + 5 + -1)?
43
Suppose 52 = 33*f - 443. What is the remainder when 135 is divided by f?
0
Let d(o) = -o**3 - 5*o**2 - 10*o + 7. What is the remainder when 182 is divided by d(-4)?
27
Calculate the remainder when 61 is divided by 0 + 19 - 5 - (-2 - -7).
7
Let z = -11 - -15. Suppose 4*p - 41 = -5*l, z*p = -3*l + 21 + 18. Calculate the remainder when 34 is divided by p.
7
Let u = 227 - -2683. What is the remainder when u is divided by 41?
40
Suppose -137 = -b + f, -3*b = -0*f + 4*f - 376. Let l(y) = -y**3 + 10*y**2 - 11*y - 6. Calculate the remainder when b is divided by l(8).
30
Suppose -l - 2*j = l, -l + 12 = 5*j. Let o = 83 + l. Calculate the remainder when o is divided by 21.
17
Suppose -x + 9 = 2*x + 3*l, -9 = -3*x + 2*l. Suppose 37 = -4*p - 5*s, 5*s = -0*p - p - 13. Let m = x - p. What is the remainder when 43 is divided by m?
10
Let l(v) = v**3 + 16*v**2 - 18*v - 11. Calculate the remainder when 8 is divided by l(-17).
2
Let b(n) = 106*n - 305. What is the remainder when b(13) is divided by 25?
23
Let p = 262 - 221. What is the remainder when 112 is divided by p?
30
Let u(z) = -3*z - 12. Let n be u(-6). Suppose 0 = 5*l + 10, y - 17 = l - n. What is the remainder when (-26)/(-1*3 + 2) is divided by y?
8
Suppose 2*p - 9 = 19. What is the remainder when (-135 - -136)/(-2 - (-206)/102) is divided by p?
9
Suppose -r + 18 = r. Let y = r - 5. Suppose y*x + 0 = 16. Calculate the remainder when 10 is divided by x.
2
Let s be -138*3/((-36)/8). Calculate the remainder when (-1 - 0)*s/(-4) is divided by 12.
11
Calculate the remainder when 101 is divided by 81/15*-2*(-15)/9.
11
Let w(m) = m**3 + 7*m**2 + 5*m - 3. Let q(x) = -2*x**2 - 7*x - 9. Let l be q(-6). What is the remainder when w(-4) is divided by 3/(18/l)*-2?
12
Let h = -3126 + 900. What is the remainder when (-3)/(-12) + (h/(-8))/7 is divided by 14?
12
Let i(r) = -17*r + 14 - 3*r**3 + 16*r**2 + 25 + 2*r**2 + 2*r**3. Calculate the remainder when 73 is divided by i(17).
34
Let u be (-1152)/(-63) - 4/14. Let z be 2/9 + 86/u. Suppose -z = -4*g + 47. Calculate the remainder when g is divided by 4.
1
Let q = 29 + 10. Calculate the remainder when q is divided by ((-144)/(-24))/((-6)/(-21)).
18
Let i(k) = -3*k**2 + 0 + 14*k + 0*k**2 - 11 + 7*k. What is the remainder when 58 is divided by i(5)?
1
Let u = 105 - 83. Let g(v) = -v**3 - 9*v**2 - v - 7. Let r be g(-9). What is the remainder when u is divided by (0 + 24/r)/2?
4
Suppose -417 = -5*v + 14*t - 17*t, 5*t + 341 = 4*v. Calculate the remainder when 163 is divided by v.
79
What is the remainder when ((-9660)/(-147))/((-8)/(-28)) is divided by 81?
68
Suppose 0 = -4*s + 3*s + 10. Suppose 3*o - s = -2*p, p = 2*p + 1. Calculate the remainder when o is divided by 3.
1
Let q(t) = -t**3 - 15*t**2 + 25*t - 72. Calculate the remainder when q(-17) is divided by 13.
3
Suppose -86*d = -81*d - 525. Calculate the remainder when d is divided by 9.
6
Calculate the remainder when 1*(6 + (-4)/(-2)) is divided by 7.
1
Let o(v) = v + 19. Let n be o(-13). Suppose 4*l + n*l - 920 = 0. Calculate the remainder when l is divided by 24.
20
Let k be (10/(-20))/((-1)/6). What is the remainder when 52 is divided by (-20)/(-2) - (-4 + k)?
8
Suppose -3*g = -0*g. Suppose 9 = h - 2*x, -h - x + g = -3. Suppose -j + h*j = 8. Calculate the remainder when 7 is divided by j.
1
Let l(o) = 50*o**2 + 21*o + 23. Calculate the remainder when 259 is divided by l(-1).
51
Let p(n) = -7*n - 4. Suppose 0 = -5*v + 2*o + 3*o + 65, -3*o = 6. Let w = 4 - v. Calculate the remainder when p(w) is divided by 12.
9
Suppose 3*i + 32 = 7*i. Let r = i + 0. Let n(g) = g**2 + 15*g + 22. Calculate the remainder when n(-15) is divided by r.
6
Let m(o) = 16*o + 44. What is the remainder when m(2) is divided by 73?
3
Suppose 59 = -26*t + 27*t. What is the remainder when 113 is divided by t?
54
Let q(p) = -p**3 - 2*p**2 + 2*p + 6. Let o be q(-4). Suppose 6*j - 3*j = 0. Suppose j = -i - i + o. Calculate the remainder when 27 is divided by i.
12
Calculate the remainder when 50 is divided by 2/(2/(-39)*-3).
11
Suppose 24 = -5*x - 21. Let a = -7 + 30. What is the remainder when a is divided by (20/(-15))/(2/x)?
5
Suppose -28 = -g - 2*u + 67, 3*g = -4*u + 289. Let z(w) = -w**2 + 7*w - 7. Let h be z(6). Calculate the remainder when g/1 + -2 - h is divided by 25.
23
Suppose 0*n = 4*n - 56. Let v be (16/10)/(n/315). Let s = v - -18. What is the remainder when s is divided by 14?
12
Let q(b) = 2*b**3 + 50*b**2 - 8*b - 53. Let x(u) = -31*u**3 - 1. What is the remainder when q(-25) is divided by x(-1)?
27
Suppose f - 14 = -4*b + b, 0 = -b - 3*f - 6. Calculate the remainder when 4 - 91/21 - (-284)/b is divided by 12.
11
What is the remainder when 29 is divided by 1 + 12 - 13/(-130)*-50?
5
Let a(c) = -c - 4. Let x be a(-3). What is the remainder when 9 is divided by 6*x/10*-5?
0
Let w = 320 + -306. What is the remainder when 67 is divided by w?
11
Suppose -6*x + 2*x + 5*g = -337, 0 = x - 4*g - 87. Calculate the remainder when x is divided by 45.
38
Let u(a) = -28*a - 74. What is the remainder when u(-12) is divided by 33?
31
Suppose -2*s + m + 14 = 4*m, 5*s - 2*m = -3. Let h = -18 + 15. What is the remainder when 107 is divided by s/h + 134/6?
19
Let b be (2 - 3 - -2) + 1 + 1. Suppose -64 = -4*h - 2*z, 51 = -0*h + b*h + 3*z. Calculate the remainder when 84 is divided by h.
9
Suppose -56*r + 294 = -210. What is the remainder when 149 is divided by r?
5
Let f = 1276 + -1264. What is the remainder when 1088 is divided by f?
8
Suppose -4*t = 3*c - 11, 0 = 4*c + 2*t - 4*t. Let g(k) = 10*k**3 + k - 1. What is the remainder when 37 is divided by g(c)?
7
Let q = 1684 + -1672. Let t = 25 + 9. Calculate the remainder when t is